p) be the third derivative of t(p). Give a(5).
15
Let r(a) = 3 + 35*a - 5*a**2 - a**3 - 16*a + 4 - 20*a. What is r(-5)?
12
Suppose -v - 6 = 2*v. Let c(m) = -m**2. Let j(r) = 2*r**2 - 2*r + 2. Let u(y) = 5*c(y) + j(y). Calculate u(v).
-6
Let f = 42 - 51. Let s(o) = -o**2 - 8*o + 2. Give s(f).
-7
Let g(x) = x**3 - 3*x**2 + 4*x - 3. Let c = 5 - 8. Suppose 4*t + 27 = -3*a, 9 = -t - 2*t. Let b = c - a. Determine g(b).
1
Suppose -3*i - 2*i = 5. Let h(u) = u**3 + 6*u**2 + 5*u + 3. Let p(r) = -r**2 - r. Let k(f) = i*h(f) - 5*p(f). Give k(0).
-3
Let i(t) = -5 - t**3 + 3 - 68*t**2 + 75*t**2 + t. Calculate i(7).
5
Let n be (-12)/(-30) - 28/(-5). Let q(r) = 2*r**3 - 5*r**2 + 3*r + 23. Let t(g) = g**3 - 2*g**2 + g + 11. Let b(v) = n*q(v) - 13*t(v). Calculate b(-5).
-5
Let u(t) = 1 + 4*t - 2*t + 1 + 2*t. Calculate u(2).
10
Let t(q) be the third derivative of -q**7/2520 - q**6/180 - q**5/20 + q**4/4 + 3*q**2. Let s(r) be the second derivative of t(r). Determine s(-4).
-6
Let y(g) = -2*g**2 - 3*g + 5. Let w(r) = r**3 - 4*r**2 - 3*r + 8. Let j be w(4). Give y(j).
-15
Let s(z) = -z**2 + 9*z + 2. Let f be s(6). Let d = 32 - f. Suppose j = -j + d. Let l(u) = -u**2 + 5*u + 4. What is l(j)?
-2
Let b = -3 + -3. Let u(i) = -i**3 - i**2 - i. Let g(k) = -k**3 + 4*k**2 + 5*k. Let t = 2 + -3. Let c(a) = b*u(a) + t*g(a). Determine c(-1).
-6
Suppose v + 3 = 2. Let o(i) = 10*i - 1. Let q(n) = -11*n + 1. Let t(p) = 3*o(p) + 2*q(p). Calculate t(v).
-9
Let r = -19 - -15. Let a(f) = 2*f - 2 + 3*f - 6*f. Determine a(r).
2
Suppose 2 = a - 1. Let w be (2*2)/(1 + 1). Let z(g) = -g**a + 4 - 2*g - w*g - g**2 + 5*g. Calculate z(0).
4
Let a(s) = 32 + s - 14 - 9. Give a(0).
9
Let m(l) be the first derivative of l**3/3 + 4*l**2 + l - 4. Give m(-8).
1
Let v(l) = l**2 - 15*l + 19. Let k be v(13). Let z(q) = q + 4. Determine z(k).
-3
Let w(l) be the first derivative of -l**2 + l - 7. Determine w(3).
-5
Let t(m) = -m**3 - 6*m**2 - 7*m. Let r(c) = -2*c**3 - 13*c**2 - 15*c + 1. Let k(u) = -3*r(u) + 7*t(u). Give k(-3).
9
Let w(o) = o - 4. Let q = -4 + 5. Let h be 6/(-4 + q) + 0. Let t(m) = -m**3 - 2*m**2 - m - 2. Let n be t(h). Give w(n).
-4
Let o be 15/(-10) + (-2)/4. Let p(h) be the first derivative of 1/4*h**4 - 1 + 1/2*h**2 + 2/3*h**3 + h. Calculate p(o).
-1
Let s(x) = 0*x - 2*x - 2 - 3*x**2 - 2*x. Suppose -4 = 8*t + 12. Give s(t).
-6
Let l(s) = s**2 - 5*s - 10. Let y be l(7). Suppose y*q + 5*g - 40 = 0, 0*q - 3*g = 4*q - 32. Let b(f) = 2*f**2 + 0*f**2 - q*f - 2 - 3*f**2. Determine b(-5).
-2
Let v(r) = r**2 + 4*r + 2. Let s be v(-4). Let t(q) = -6*q + 3. What is t(s)?
-9
Let l(z) be the first derivative of -2/3*z**3 + 1/2*z**2 - 4 - 1/4*z**4 - z. Give l(-2).
-3
Let b(y) = y**2 + 2*y - 2. Let i(c) = 1 - 2*c + 2*c - 2*c - c**2 + 6*c. Let f be i(3). Let k be (2 - 1)/((-1)/f). Give b(k).
6
Let b(t) = -t**3 + 2*t**2 + 3*t + 2. Let a be b(3). Let h(n) = -3*n**2 - 2*n + a + 6*n - 5*n**3 + 4*n**3 + 0*n. Calculate h(-4).
2
Let b(h) = -h**3 - 8*h**2 - 3*h + 2. Let f be b(-5). Let a be (-14)/63 + f/(-18). Let d(p) be the first derivative of -p**2/2 + 2*p - 1. Determine d(a).
-1
Let s = -1 + 1. Suppose 0 = -s*g - 5*g - 25. Let q(r) = -6 - 6*r + 2*r + 2*r. Determine q(g).
4
Let h(j) = j**2 - 7*j - 1. Let b = 18 + -12. Calculate h(b).
-7
Let d(p) = -p - 2. Let s be 2*1*(-4)/(-4). Let b be 1/s - (-90)/(-12). Calculate d(b).
5
Let p(o) be the third derivative of o**4/12 - o**3/3 + 9*o**2. What is p(-7)?
-16
Suppose -5*t + 5 + 5 = 0. Let f(p) = -p**3 + 6*p - 4*p**2 - 1 + 0*p + p**2 - t*p. Let r be 1/((1/3)/(-1)). What is f(r)?
-13
Let j(p) = 7*p + 1. Suppose 3*n - n = -12. Let v = n - -3. Let o = v + 4. What is j(o)?
8
Let p(o) = -o**3 - 4*o**2 + o + 3. Suppose 2*w = 4*w + 8. Give p(w).
-1
Let h(o) be the first derivative of o**3/3 - 7*o**2/2 - 8*o + 7. Determine h(7).
-8
Let h(s) be the second derivative of s**4/12 - s**3/6 - 6*s**2 + 7*s. Give h(0).
-12
Let r(j) = -9 - 4*j + 21 - 9. Let c be 1 + (-4)/(-2)*-1. Let g = 4 + c. Determine r(g).
-9
Suppose -5*f - 4*x = -2, 5*f = 4*x - x + 16. Suppose -2*l = f*n - 3*n, 5*l = -5*n + 30. Suppose n*a + 10 = -a. Let o(u) = -3*u - 1. What is o(a)?
5
Let t(p) = -23*p**3 + 5 + 9*p**3 + 13*p**3 - 2*p**2 + 3*p**2 - p. Suppose 0 = 2*y + 1 - 15. Let k = y + -7. Calculate t(k).
5
Let o(z) = -7*z + 2. Let y = 119 - 117. Calculate o(y).
-12
Suppose 5*a - 15 = -0. Suppose -t + 18 - 15 = 0. Let p(u) = 0*u**3 + a + u + 3*u**2 - 2*u + 0*u**3 - u**t. Determine p(3).
0
Let q(k) be the second derivative of -k**3/6 - k**2/2 - 14*k. Determine q(6).
-7
Let w(y) = -y**2 - 4*y + 1. Suppose b + 3*b = -8. Give w(b).
5
Suppose 6*g + 5 - 41 = 0. Let h(v) be the third derivative of -v**4/24 + 13*v**3/6 - 2*v**2. Give h(g).
7
Let r = -1 + 5. Let k(z) = 0 - 4*z + z - 2 + r*z. Determine k(-3).
-5
Let i be 0 - (2 + (-1 - 0)). Let x(s) = -2*s**2 - s - 1. Let f be x(i). Let j = f - -1. Let w(a) = a - 1. Give w(j).
-2
Let v(o) = o**2 + 18*o + 16. Let m be v(-17). Let p(f) = -11*f**2 + 1. What is p(m)?
-10
Let k(q) be the second derivative of 7*q**3/6 - 2*q. Calculate k(1).
7
Let d(y) = y**3 - 2*y**2 - 2*y - 1. Let x be -6 - -2 - (-63)/9. Determine d(x).
2
Let l(o) = -3*o + 3. Let v(c) = -13*c + 13. Let t(h) = 18*l(h) - 4*v(h). Calculate t(-6).
14
Let k(z) be the third derivative of z**5/60 - z**4/12 - 7*z**3/6 - z**2. Suppose -7*o = -13*o + 30. Give k(o).
8
Let a(d) = d**3 + 8*d**2 + 7*d + 1. Let k(r) = -2*r - 1. Let b be k(-1). Let w be 1*14/(b - 3). Let y be a(w). Let p(f) = -2*f**2. Give p(y).
-2
Let b be (-328)/(-12) + (-2)/(-3). Let f = 28 - b. Let s(c) = c**2 - 9. Give s(f).
-9
Let c(y) be the second derivative of 0 - 2*y**2 + 3*y + 1/3*y**3. Let m = 11 + -7. Give c(m).
4
Let g(u) = -u**2 + 2*u + 1. Let m be g(-1). Let c(l) be the third derivative of -l**6/40 - l**5/15 - l**4/8 - l**3/3 - 3*l**2. Give c(m).
12
Let l(n) = n**2 + 3*n + 4. Let x = 24 - 22. Let h = x - 5. Give l(h).
4
Let k(b) = -4*b**2 - 1. Let d(v) = v**2 + v + 1. Let a(l) = 3*d(l) + k(l). Let j(t) = -t**2 + 5*t - 2. Let x be j(4). Calculate a(x).
4
Let a(l) = -l**3 - 3*l**2 + 7*l - 1. Let q(c) = -c**2 + 1. Let s(b) = -a(b) + 5*q(b). What is s(4)?
10
Let l(u) = -u**3 - u**2 + u - 1. Suppose -2*f - 7 + 3 = 0. Determine l(f).
1
Suppose 3*i = -3*a + 15, -4*a = i - 3*i - 8. Let t(b) = 2*b + 2. Let w(c) = 7*c + 6. Let n(u) = 8*t(u) - 3*w(u). Give n(i).
-12
Let w(n) = 7*n - 9. Let x(t) = 4*t - 5. Let p(l) = 6*w(l) - 11*x(l). Calculate p(3).
-5
Let u(j) = j**3 - 4*j**2 + 3*j - 1. Let c = 16 - 11. Suppose 0 = 2*o + 4*x + 10, o + 4*x + 8 = -c. Give u(o).
-1
Suppose 4*q - 3*q - 1 = 0. Let l(m) be the first derivative of -2*m**3/3 - m - 21. Give l(q).
-3
Let p(b) = -7*b**2 - 1. Suppose -3*o + 15 = -3*d, 0*o = d + 3*o - 15. Let j be (-3 - -2)*(d - 1). Give p(j).
-8
Let h(u) = -u**2 - 4*u - 1. Let t(w) = -w + 6. Let r be t(6). Suppose -4 + r = f. Give h(f).
-1
Let a be 0*(3/2 - 2). Let p(j) = 0 + 6*j**2 + a + j**3. Let d = -79 + 73. Calculate p(d).
0
Let c(o) = -3 + 1 + o - 3*o. Let a(x) = x**2 + 5*x + 7. Let u be a(-5). Let h = -11 + u. Determine c(h).
6
Let u(i) = i**3 - i**2 + 5. Let a(g) = 2*g**3 - 3*g**2 + 10. Let b(d) = 2*a(d) - 5*u(d). Calculate b(0).
-5
Suppose 4*n = -3 - 1. Let j = -3 - n. Let w(p) = -3 - p**2 + 3 - 2. Calculate w(j).
-6
Let n(q) = 1450*q**2 + 10*q**3 + 0*q + q - 1448*q**2. Determine n(-1).
-9
Let s(h) be the second derivative of 0 + 2*h - 1/2*h**2 - 1/12*h**4 + 2/3*h**3. Determine s(3).
2
Let p be 27/(-5) - (-10)/25. Let o = -20 - -29. Let m(b) = -b**2 - 4*b - 4. Let y(n) = 4*n**2 + 15*n + 15. Let i(f) = o*m(f) + 2*y(f). Calculate i(p).
-1
Let f(x) = -x - 1. Let o be (-25)/6 - (-3)/18. Give f(o).
3
Let v(f) = -2*f**2 - 4*f - 4. Let b be (-2 - -1)/((-3)/36). Suppose -6*d = -2*d + b. Determine v(d).
-10
Suppose 2*o + 1 = -1. Let g(q) = 60 - 61 + 4*q**2 + 6*q**2. Calculate g(o).
9
Let m(s) = -7*s**2 - s - 1. Suppose 3*a + 2 = a. What is m(a)?
-7
Let w(l) = 5*l**2 - 10*l - 25. Let u(k) = -k**2 + 2*k + 5. Let z(p) = -11*u(p) - 2*w(p). Suppose -4*t + 2*a = -2 - 20, 0 = -4*t + 5*a + 31. Determine z(t).
3
Let b(k) = 14*k**3 + 2*k**2 + k. Let x = 19 + -20. Calculate b(x).
-13
Let m(j) = 2*j + 3. Let q(l) = -l**2 - l - 2 - 6*l**2 + 3*l**2 + 5 - l**3. Let c be q(-3). Give m(c).
-3
Suppose 3*b = 3*f + 12, 5*b + f = 2*b + 